 1019
What are the prime factors of 1831?
1831
List the prime factors of 366.
2, 3, 61
What are the prime factors of 19552?
2, 13, 47
What are the prime factors of 75041?
75041
What are the prime factors of 2355?
3, 5, 157
What are the prime factors of 11659?
89, 131
List the prime factors of 94940.
2, 5, 47, 101
What are the prime factors of 30?
2, 3, 5
List the prime factors of 992.
2, 31
What are the prime factors of 13757?
13757
What are the prime factors of 4677?
3, 1559
List the prime factors of 3010.
2, 5, 7, 43
What are the prime factors of 1383?
3, 461
List the prime factors of 17803.
19, 937
What are the prime factors of 163?
163
List the prime factors of 19848.
2, 3, 827
What are the prime factors of 23725?
5, 13, 73
List the prime factors of 15238.
2, 19, 401
List the prime factors of 21725.
5, 11, 79
List the prime factors of 109990.
2, 5, 17, 647
List the prime factors of 10859.
10859
List the prime factors of 867.
3, 17
What are the prime factors of 7095?
3, 5, 11, 43
List the prime factors of 1525.
5, 61
List the prime factors of 2408.
2, 7, 43
List the prime factors of 3001.
3001
List the prime factors of 1747.
1747
What are the prime factors of 1658?
2, 829
What are the prime factors of 5863?
11, 13, 41
List the prime factors of 20340.
2, 3, 5, 113
List the prime factors of 1175.
5, 47
List the prime factors of 12456.
2, 3, 173
What are the prime factors of 24512?
2, 383
List the prime factors of 261.
3, 29
What are the prime factors of 1766?
2, 883
List the prime factors of 10884.
2, 3, 907
List the prime factors of 1949.
1949
What are the prime factors of 107382?
2, 3, 11, 1627
What are the prime factors of 349?
349
List the prime factors of 3954.
2, 3, 659
List the prime factors of 12674.
2, 6337
What are the prime factors of 6158?
2, 3079
List the prime factors of 4363.
4363
List the prime factors of 9430.
2, 5, 23, 41
List the prime factors of 42220.
2, 5, 2111
What are the prime factors of 1576?
2, 197
What are the prime factors of 72884?
2, 7, 19, 137
What are the prime factors of 1786?
2, 19, 47
What are the prime factors of 111476?
2, 29, 31
What are the prime factors of 5368?
2, 11, 61
What are the prime factors of 932?
2, 233
List the prime factors of 18093.
3, 37, 163
List the prime factors of 125773.
29, 4337
What are the prime factors of 2874?
2, 3, 479
What are the prime factors of 22052?
2, 37, 149
What are the prime factors of 25336?
2, 3167
What are the prime factors of 47192?
2, 17, 347
What are the prime factors of 75317?
11, 41, 167
List the prime factors of 325.
5, 13
List the prime factors of 349.
349
List the prime factors of 2418.
2, 3, 13, 31
What are the prime factors of 2133?
3, 79
What are the prime factors of 6?
2, 3
What are the prime factors of 579?
3, 193
What are the prime factors of 4768?
2, 149
What are the prime factors of 6019?
13, 463
What are the prime factors of 1359?
3, 151
What are the prime factors of 34370?
2, 5, 7, 491
List the prime factors of 7821.
3, 11, 79
List the prime factors of 38973.
3, 11, 1181
What are the prime factors of 4152?
2, 3, 173
List the prime factors of 13949.
13, 29, 37
What are the prime factors of 23349?
3, 43, 181
List the prime factors of 3648.
2, 3, 19
List the prime factors of 1342.
2, 11, 61
List the prime factors of 10934.
2, 7, 11, 71
What are the prime factors of 1884?
2, 3, 157
What are the prime factors of 3358?
2, 23, 73
List the prime factors of 12430.
2, 5, 11, 113
What are the prime factors of 25226?
2, 12613
What are the prime factors of 80576?
2, 1259
List the prime factors of 177.
3, 59
What are the prime factors of 25657?
25657
List the prime factors of 2869.
19, 151
What are the prime factors of 197152?
2, 61, 101
List the prime factors of 39.
3, 13
List the prime factors of 75479.
75479
What are the prime factors of 4956?
2, 3, 7, 59
What are the prime factors of 2052?
2, 3, 19
List the prime factors of 32255.
5, 6451
List the prime factors of 14838.
2, 3, 2473
List the prime factors of 2026.
2, 1013
What are the prime factors of 19070?
2, 5, 1907
What are the prime factors of 2751?
3, 7, 131
What are the prime factors of 22032?
2, 3, 17
List the prime factors of 1218.
2, 3, 7, 29
List the prime factors of 1420.
2, 5, 71
List the prime factors of 10407.
3, 3469
What are the prime factors of 3153?
3, 1051
List the prime factors of 9302.
2, 4651
What are the prime factors of 669?
3, 223
What are the prime factors of 2755?
5, 19, 29
What are the prime factors of 2025?
3, 5
What are the prime factors of 2642?
2, 1321
What are the prime factors of 1460?
2, 5, 73
What are the prime factors of 18946?
2, 9473
List the prime factors of 37250.
2, 5, 149
What are the prime factors of 971?
971
What are the prime factors of 887?
887
List the prime factors of 578.
2, 17
What are the prime factors of 109028?
2, 97, 281
List the prime factors of 1069.
1069
What are the prime factors of 1374?
2, 3, 229
What are the prime factors of 430?
2, 5, 43
List the prime factors of 8085.
3, 5, 7, 11
List the prime factors of 14176.
2, 443
List the prime factors of 1021.
1021
What are the prime factors of 548?
2, 137
List the prime factors of 1423.
1423
List the prime factors of 9283.
9283
What are the prime factors of 48218?
2, 24109
List the prime factors of 103252.
2, 83, 311
List the prime factors of 479.
479
List the prime factors of 14672.
2, 7, 131
What are the prime factors of 48291?
3, 16097
What are the prime factors of 5624?
2, 19, 37
List the prime factors of 1046.
2, 523
List the prime factors of 798.
2, 3, 7, 19
List the prime factors of 9149.
7, 1307
List the prime factors of 3694.
2, 1847
List the prime factors of 2490.
2, 3, 5, 83
What are the prime factors of 4490?
2, 5, 449
List the prime factors of 49.
7
List the prime factors of 3112.
2, 389
List the prime factors of 2989.
7, 61
List the prime factors of 589.
19, 31
What are the prime factors of 24953?
24953
What are the prime factors of 17?
17
What are the prime factors of 125659?
125659
What are the prime factors of 19206?
2, 3, 11, 97
What are the prime factors of 5279?
5279
What are the prime factors of 44422?
2, 7, 19, 167
List the prime factors of 991.
991
What are the prime factors of 9996?
2, 3, 7, 17
What are the prime factors of 19179?
3, 2131
What are the prime factors of 88?
2, 11
List the prime factors of 5534.
2, 2767
What are the prime factors of 6906?
2, 3, 1151
What are the prime factors of 20?
2, 5
What are the prime factors of 35792?
2, 2237
List the prime factors of 2700.
2, 3, 5
What are the prime factors of 87?
3, 29
List the prime factors of 8381.
17, 29
What are the prime factors of 12390?
2, 3, 5, 7, 59
What are the prime factors of 48796?
2, 11, 1109
List the prime factors of 120641.
120641
List the prime factors of 844.
2, 211
List the prime factors of 457.
457
What are the prime factors of 1629?
3, 181
What are the prime factors of 131284?
2, 23, 1427
List the prime factors of 19955.
5, 13, 307
What are the prime factors of 5471?
5471
What are the prime factors of 9562?
2, 7, 683
What are the prime factors of 1095?
3, 5, 73
List the prime factors of 3003.
3, 7, 11, 13
What are the prime factors of 1778?
2, 7, 127
What are the prime factors of 5020?
2, 5, 251
List the prime factors of 12931.
67, 193
What are the prime factors of 1436?
2, 359
What are the prime factors of 21277?
21277
List the prime factors of 13972.
2, 7, 499
What are the prime factors of 1974?
2, 3, 7, 47
What are the prime factors of 1527?
3, 509
List the prime factors of 3043.
17, 179
List the prime factors of 62652.
2, 3, 23, 227
List the prime factors of 26240.
2, 5, 41
List the prime factors of 11533.
19, 607
What are the prime factors of 2946?
2, 3, 491
What are the prime factors of 121040?
2, 5, 17, 89
What are the prime factors of 5067?
3, 563
What are the prime factors of 16316?
2, 4079
List the prime factors of 5639.
5639
What are the prime factors of 31264?
2, 977
What are the prime factors of 25322?
2, 11, 1151
List the prime factors of 3643.
3643
List the prime factors of 1187.
1187
List the prime factors of 13762.
2, 7, 983
What are the prime factors of 468?
2, 3, 13
List the prime factors of 345.
3, 5, 23
List the prime factors of 7144.
2, 19, 47
What are the prime factors of 3397